z. Give x(-4).
-28
Let o(b) be the second derivative of 1/12*b**4 + 0 - 1/2*b**3 + 206*b - 3/2*b**2. Give o(5).
7
Let k = -41 + 43. Let s be ((-12)/18)/(k/(-6)). Let g(h) = 161*h + h**s - 161*h. Determine g(2).
4
Let i(t) = 5*t**2 + 8*t - 6. Suppose x - 25 = -5*x - 19. What is i(x)?
7
Let u = 62 - 63. Let y(i) = -27*i**3 - 7*i**2 - 9*i - 2. Let t(m) = 4*m**3 + m**2 + m. Let a(b) = 6*t(b) + y(b). Give a(u).
3
Let f = 50 - 47. Suppose n + 5*q = f, 5*n = -4*q - q + 15. Let x(o) = 869*o**3 - o**2 - 430*o**n - 434*o**3. Give x(-1).
-6
Let n(c) be the second derivative of c**5/20 + c**4/6 + c**3/2 - c**2 - 2522*c. What is n(-4)?
-46
Let r(f) be the second derivative of -5/2*f**2 - 24*f + 0 + 1/6*f**3. Determine r(-7).
-12
Let l(k) = -7*k**2 + 9*k - 2. Let x(g) = -38*g**2 + 46*g - 13. Let z(r) = -11*l(r) + 2*x(r). What is z(7)?
-4
Let k(g) = -7*g + 2. Suppose -d + 4*l = -13, 10*l + 3 = 9*l. Give k(d).
-5
Let p = 527 + -527. Let i(y) = 3*y + p + 5 - 2*y - 8. Give i(-2).
-5
Let c(a) = -7*a**2 + a - 2. Let p(i) = -i**2 - i + 1. Suppose -4*g + 12 = -0*j - 4*j, 5*j + 9 = -g. Let k(x) = g*c(x) - 6*p(x). Determine k(6).
-2
Suppose 3*q = -1 + 10. Let x(t) = 2*t + q - 5 + 2 - 3*t. Determine x(2).
-2
Let n(o) = o**3 - 10*o**2 + 20*o + 4. Let w be (-14)/(-1) - ((-16)/(-20))/(76/475). Calculate n(w).
103
Let i(o) = -o - 2 + 0*o - 7. Suppose -69*c + 5*b = -64*c - 50, -c = 5*b + 14. Suppose 3*x + 5*h + 43 = 0, 25*h + c = 22*h. Determine i(x).
2
Let s(r) = -6*r + 2. Suppose -3*d + 7 = 1. Let k(g) = 3*g - 1. Let l(v) = d*s(v) + 5*k(v). Give l(-4).
-13
Let f(u) = 3*u**2 - 2*u - 3. Suppose 3*m - 4*d + 2801 = 0, 2*m - 2*d - 346 = -2210. Let h = -929 - m. Determine f(h).
13
Let i be (8/(-10))/((-4)/10) - -187. Suppose -i = 10*z + 11*z. Let k(q) = -q**2 - 8*q + 7. Give k(z).
-2
Let r be (-4 - (-13)/3)*96/(-32). Let x(p) = -2*p**2 + 3*p + 3. Give x(r).
-2
Let a(u) = u**3 + u**2 - 7*u + 7. Let o(j) = -j**3 - 15*j**2 + 137*j - 184. Let d be o(5). What is a(d)?
2
Let m(k) = 34 + 3*k**2 - 134 + 35 - 50*k + 51. What is m(17)?
3
Let f be 1 + -2 + -3 + 7. Suppose 2*u = 3*w, -3*u + 8*u - 21 = -f*w. Let p(n) = -7*n - 329 + 320 - u*n**2 - 4*n**2 - n**3. What is p(-6)?
-3
Let p(l) = -11*l + 3*l - 105*l**2 + 15*l + 47*l**2 - l**3 - 8 + 51*l**2. Determine p(-8).
0
Let z(i) = -i**2 - 2 - 10 - 6*i - 5*i. Suppose 4 = -m + 3*t, -9*t = -2*m - 10*t - 22. Determine z(m).
-2
Let b(a) = -3*a**2 - 2*a + 3. Let l be b(2). Let n = l + 21. Suppose 0 = -5*h - n + 33. Let c(o) = -o**3 + 6*o**2 - 5*o + 3. What is c(h)?
3
Let l(w) = 47*w**2 + 33*w + 1. Let r(c) = 10*c**2 + 7*c. Let s(u) = 3*l(u) - 14*r(u). Give s(-7).
45
Let q(k) = -7*k - 3. Let r(z) = z**3 + 10*z**2 + 24*z + 241. Let h be r(-10). What is q(h)?
-10
Suppose 37*y - 39*y + 4*o - 14 = 0, -4*o = -20. Let t(l) = -l**2 - 5*l + 4. Let b be t(-5). Let a(s) = b - 5*s - 4 + 0 + 3. Calculate a(y).
-12
Let f(v) = -3*v + 60. Suppose 8851 = -18*w + 9283. Determine f(w).
-12
Let u(l) = -2*l + 679*l**2 + l**3 + 3*l - 653*l**2 + 37. What is u(-26)?
11
Let i = -321 - -333. Suppose -3*c + 3*k - i = 0, -2*c + 5*k - 6*k = 23. Let y(m) = -m**2 - 8*m + 9. Calculate y(c).
0
Let v(u) = 33*u + 16*u - 16 - 50*u. What is v(-29)?
13
Let i(a) = -205*a - 208. Let h be i(-1). Let m(n) be the second derivative of -n**2 + 5*n + 0 + 1/6*n**3. What is m(h)?
-5
Let m = 11732 - 11740. Let y(r) = r**2 + 7*r - 2. Calculate y(m).
6
Let o(k) be the first derivative of -6*k**2 - 58 - 1/3*k**3 + 8*k. Calculate o(-13).
-5
Let v(g) = -89*g**3 - 7*g**2 - 48*g - 43. Let f(u) = -41*u**3 - 3*u**2 - 23*u - 22. Let m(n) = 13*f(n) - 6*v(n). Determine m(-4).
0
Suppose -9 = -20*a + 51. Let t(j) = 4 - 4*j**2 + 65*j**3 + 65*j**a - 129*j**3. Determine t(3).
-5
Let w(j) = -j**3 + 13*j**2 - 10*j - 1. Suppose 4*s - 726 = s + 3*p, 0 = -5*p - 5. Suppose 0 = -28*c + s + 95. Determine w(c).
23
Let g = 524 + -529. Let h(o) be the first derivative of o**4/4 + 2*o**3 + 2*o**2 + 6*o + 44. What is h(g)?
11
Let c(n) = 10*n**3 + 18*n**2 - 15*n - 3. Let l(d) = 5*d**3 + 8*d**2 - 7*d - 1. Let k(v) = -4*c(v) + 9*l(v). Let r be 2/8 + (-2)/((-32)/28). What is k(r)?
37
Let g(n) = n**2 + 14*n + 34. Let x = 21758 + -21762. What is g(x)?
-6
Let t(n) = -5*n + 6. Suppose 2*r + 4*k - 29 = 3*r, -3*r + k = 131. Let y = r + 49. Determine t(y).
-14
Let x be (-2)/4*(-10 - -20 - 52). Let v(p) = x*p - 9*p - 10*p - 11 + 2. Give v(9).
9
Let x(z) = -131*z - 140*z - 40 + 262*z. Let s(d) = 17*d + 73. Let u(c) = -6*s(c) - 11*x(c). Give u(2).
-4
Suppose 5*b = 56 - 31. Let h(l) = 24 - 49 + 29 - 6*l + b*l. Let r = -17 - -11. Calculate h(r).
10
Suppose 0 = -675*n + 670*n - 120. Let f(g) = g**3 + 23*g**2 - 23*g + 19. Determine f(n).
-5
Let i(q) = q**2 + 5*q + 9. Let v(z) = 149*z + 144. Let k be v(-1). Give i(k).
9
Let x(l) = -5*l**2 - 22*l - 64. Let f(i) = i**2 + 2*i - 1. Let q(r) = 6*f(r) + x(r). Let v be q(14). Let j(a) = a**3 + 13*a**2 - 14*a - 15. Determine j(v).
-15
Let o be ((-819)/(-364))/(3/(-8)). Let u(g) be the third derivative of g**5/60 + g**4/12 - g**3/2 + 9*g**2. What is u(o)?
21
Let b(j) = -4*j**3 + j**2 + j. Suppose 0 = -32*c + 46*c - 28. Let l(x) = -11*x + 21. Let k be l(c). Give b(k).
4
Let m(h) be the first derivative of -h**4/2 + 32*h**3/3 + 17*h**2 - 10*h - 2562. What is m(17)?
-10
Let r be (75/9)/((-9)/(-27)). Suppose -r*z = -26*z. Let y(v) = v**2 - v + 19. Determine y(z).
19
Let y(f) = -4*f - f + 5*f**3 - 11*f**3 - 2*f**2 + 3*f**3 + 2*f**3 - 15. Determine y(-3).
9
Let v(r) = -3*r + 6. Let u be ((-40)/(-16)*-4)/((-6)/3). Suppose -3*n + 8*b = u*b - 6, 0 = 2*n + 2*b - 16. Give v(n).
-9
Let u = -119218 + 119223. Suppose l + 3*x = -x + 16, l - 2*x + 2 = 0. Let p(a) = -l*a - 4*a + a**2 - 1 + 4*a. Determine p(u).
4
Let u(x) be the second derivative of -x**3/6 - 5*x**2 - 1098*x. What is u(8)?
-18
Let q(j) = 3*j**2 - 21*j + 3. Let s = -271 - -277. Determine q(s).
-15
Let h(n) be the second derivative of 0 - 45*n + 0*n**3 + 3/4*n**4 - 7/60*n**5 + 0*n**2 - 1/720*n**6. Let y(b) be the third derivative of h(b). What is y(-7)?
-7
Suppose -5*d = 2*q - 67, -3*q = q + 2*d - 94. Let v(n) = -2*n + 4 + 0 + 20*n**3 - q*n**3 - 1. Calculate v(3).
-30
Let v(u) = 5*u**2 - 2*u + 7. Let f(z) = 4*z**2 - 4*z + 4. Let s(g) = -3*g**2 + 4*g - 2. Let t(d) = 3*f(d) + 2*s(d). Let q(w) = 4*t(w) - 5*v(w). Determine q(-7).
-10
Let m = -4 - 6. Let d(h) = 6*h**3 + 11*h**2 - h - 23. Let x(t) = -t**3 + 2*t + 2. Let q(v) = -d(v) - 5*x(v). Give q(m).
3
Let q be (-1 + 2)/((-125)/125). Let l(v) = 20*v + 2. Calculate l(q).
-18
Let d(r) = -3*r**3 - 18*r**2. Suppose 14 = -3*g + 2*b - b, -g + 10 = -4*b. Let t be d(g). Let v(f) = -f - 6 + t*f + 3*f + 0. What is v(5)?
4
Let i(m) be the first derivative of 23 + 18*m + 1/12*m**4 - 7/6*m**3 - 2*m**2. Let a(t) be the first derivative of i(t). Calculate a(6).
-10
Suppose 67 - 71 = -2*v. Let a(r) = 70*r + r**v - 2 - 70*r. Let j be ((-9)/(-3) + -1)*-1. Give a(j).
2
Let v(m) = 24*m**2 + 99*m + 237. Let w(p) = 4*p**2 - p + 8. Let u(x) = v(x) - 5*w(x). Give u(-24).
5
Suppose 2*b - 46 = 4*j, -4*j + 7 = -4*b + 87. Suppose -3*s + b = -7. Let z(g) = -g**2 - s + g + 8 - 1. What is z(2)?
-3
Let v(a) be the second derivative of -a**4/12 - a**3/2 + 45*a**2/2 - 2*a + 536. Determine v(-8).
5
Let p(m) = m**2 - 5*m - 13. Let o be (102/198 + 4/(-22))/((-15)/(-180)). Calculate p(o).
-17
Let g(y) = y**3 + y**2. Let l(v) = -131*v**3 - 2*v - 1 + 265*v**3 - 144*v**3 - 3*v**2. Let o(q) = 5*g(q) + l(q). What is o(2)?
-37
Let k(h) = -2*h**2 - 2*h + 1. Let o = 497 + -464. Suppose 3 + o = -18*q. Give k(q).
-3
Let x(c) be the second derivative of -c**4/12 + 4*c**3 + c**2/2 + c + 4925. Give x(23).
24
Suppose 114 = 4*k - k. Let h = k - 37. Let j(s) = -s + h - 3 + 4. Give j(2).
0
Let k(p) = p**3 - 4*p**2 - 3*p + 7. Let j be k(3). Let l(s) = s**3 + 9*s**2 - 21*s + 16. Calculate l(j).
5
Let y(l) = -43*l - 12*l - 33 - l**2 + 13*l + 12*l. Determine y(-29).
-4
Let h(y) = -y**2 - 4*y - 2. Let t be h(-5). Let q be (-1)/(1/t)*-1. Let v(s) be the first derivative of -3*s**2/2 - 7*s - 244. Give v(q).
14
Let v(h) = -3*h**2 + 18*h - 25. Suppose 39 = 4*r + 3*p, -p + 29 = -59*r + 63*r. Determine v(r).
-25
Let d(u) be the second derivative of u**3 + 3*u**2 + 14*u + 2. Let o(c) = -3*c - 3. Let j(b) = -2*d(b) - 5*o(b). Let k = -10 - -6. Calculate j(k).
-9
Let x(m